*i**2 + 2*i + 3. What are the prime factors of m(-3)?
2, 3, 5
Let l(o) be the first derivative of o**3/3 + o**2/2 + 6*o + 3. List the prime factors of l(0).
2, 3
Suppose -140 - 43 = -2*l + 5*t, -5*t = -3*l + 287. List the prime factors of l.
2, 13
Suppose 4*u - 10 = -2. Suppose u*j + 26 - 108 = 0. List the prime factors of j.
41
Let o(z) = -z + 12. Let t be o(9). Suppose -t*h = 1 - 34. List the prime factors of h.
11
Let w(t) = 2*t**3 - 5*t - 12*t**3 + 6*t. List the prime factors of w(-1).
3
Let q be ((-1)/(-2))/((-1)/8). Let f = -4 - q. Suppose -d + 46 + 0 = 5*o, -d - 4 = f. List the prime factors of o.
2, 5
Let z(j) = -j**2 + j + 12. Let t be z(0). Suppose 2*h - 2*b + 0*b = -2, 0 = 3*h + 2*b - t. What are the prime factors of h?
2
Let d(j) = 3*j. Let h be d(5). Suppose -p - 4*p + h = 0. What are the prime factors of p?
3
Let c(l) = 26*l**3 + l**2 - l + 1. What are the prime factors of c(1)?
3
Suppose 4*i = 5*i - 10. What are the prime factors of (2/(-4))/((-1)/i)?
5
Let w(h) = h**3 + 16*h**2 + 7*h - 14. List the prime factors of w(-14).
2, 5, 7
Suppose 5 = -2*c - 3, -4*k + 5*c + 32 = 0. Suppose 0 = -q - 2*u - 10 + 4, k*u = -5*q - 51. Let r = q + 19. What are the prime factors of r?
7
Suppose 2*f = 4*t + 69 - 9, -5*t = -5*f + 160. What are the prime factors of f?
2, 17
Let x = -9 + 13. Suppose -4*w + 2*w + x = 0. What are the prime factors of (-57)/(-6) + (-1)/w?
3
Suppose -6*j - 5*p + 15 = -5*j, 0 = -j - 4*p + 13. What are the prime factors of j?
5
Let o be (1 - 108)/(2 - 3). Suppose o = 7*q - 6*q. Suppose 5*n + 27 - q = 0. What are the prime factors of n?
2
Suppose 0*l + 3*d + 15 = -5*l, -d = 5*l + 5. Suppose 56 = 3*k - l*k - 5*v, -73 = -4*k + 5*v. What are the prime factors of k?
17
What are the prime factors of ((-12)/10)/(6/(-20))?
2
Let n = -16 - -25. Let h = n + -7. Suppose 4*i = h*i + 10. List the prime factors of i.
5
List the prime factors of 3 + 4/(-4)*-53.
2, 7
Let v(n) = n**3 + 4*n**2 - 5*n + 4. Let l be v(-5). List the prime factors of ((-10)/l)/(4/(-8)).
5
Let c be (8/24)/(2/12). Suppose c*s = -s + 6. Suppose 3*q + 21 = 3*h, -s*q + 0 = -10. What are the prime factors of h?
2, 3
Let g(p) = p**3 + 2*p**2 - 2*p - 3. Let u = 0 - 3. Let z be g(u). Let w(s) = s + 12. List the prime factors of w(z).
2, 3
Let b(s) = s - 1 + 5*s - 6*s - s. What are the prime factors of b(-6)?
5
Let p be (-44)/(-7) + 8/(-28). Let f be (p/10)/(9/45). Suppose -2*l = -3*l - o + 19, -f*o + 15 = l. What are the prime factors of l?
3, 7
Let m(i) be the second derivative of i**4/12 - 5*i**3/6 + 5*i**2/2 - 2*i. What are the prime factors of m(6)?
11
Let v(g) = -4*g - 3. Suppose -1 = q + 1. Let z be v(q). Suppose -z*s + 20 = -30. List the prime factors of s.
2, 5
Let i = 3 - 3. Suppose i = -4*v + 9 + 3. Suppose -17 = v*h - 53. What are the prime factors of h?
2, 3
Suppose 20*a - 22*a = -272. What are the prime factors of a?
2, 17
What are the prime factors of ((254/4)/(3/(-6)))/(-1)?
127
Suppose -5*c - 28 = -3*n, -4*n - c + 0*c + 22 = 0. Let a be n/4*(-32)/(-12). Suppose 5 = 5*m - a*m. What are the prime factors of m?
5
Let y(t) = -t**3 - 6*t**2 - 7*t - 2. Let c be 4*-1 + 3 + -4. Let s be y(c). Let w(k) = 2*k - 8. What are the prime factors of w(s)?
2
Let i(g) = 80*g**2 - 10*g - 20. List the prime factors of i(-2).
2, 5
Suppose 0 = 2*s - 3*s + 145. What are the prime factors of s?
5, 29
What are the prime factors of (-3 - 26/(-6))*9?
2, 3
Let h be ((-8)/(-14))/(2/7). Suppose h*b = -b. Suppose -4*s + 65 + 19 = b. What are the prime factors of s?
3, 7
Let j(q) = -q**2 + 19*q + 31. List the prime factors of j(17).
5, 13
Let v = 0 + 3. Suppose -3*t - t - 15 = -v*l, -3*l + t = -15. Suppose -l = -2*u + u. What are the prime factors of u?
5
Let o(a) be the third derivative of -a**5/60 + a**4/4 + 2*a**3/3 + 4*a**2. Let n be o(6). Suppose -4*i + n = -3*i. List the prime factors of i.
2
Let g(w) = w**2 - 7. What are the prime factors of g(5)?
2, 3
Let m = 181 - 128. List the prime factors of m.
53
Suppose 5*c + 5*t = 35, 0 = -5*t + 14 + 11. Suppose -5*i + 138 = -a, 17 = 4*i + c*a - 99. List the prime factors of i.
2, 7
Let m(g) = g**3 - 7*g**2 - 8*g + 5. Let u be 10/1*4/8. Suppose v = -5*a + 43, 0 = -5*a - u*v + 4 + 51. List the prime factors of m(a).
5
Let d(l) = -l**2 + 2*l - 1. Let j be d(-2). Let t = -5 - j. Suppose 0 = t*f - 27 - 21. What are the prime factors of f?
2, 3
Suppose -8 = 4*n - 24. Suppose -n*x - 3*d = -13 - 1, 3*d = -2*x + 10. Suppose g - 3*s = -7, -x*g = -2*s + 1 - 3. List the prime factors of g.
5
Suppose a = -0*a + 45. Let m be 18/a + 2/(-5). Suppose m = -2*h - 4*t + 48, 79 = 4*h - 3*t + 27. List the prime factors of h.
2
Let j = -16 + -2. Let z = -5 - j. What are the prime factors of z?
13
Let f = 55 + -32. List the prime factors of f.
23
Suppose 2*h + 102 = m + 28, 20 = 4*h. Suppose -8 = -4*g + m. List the prime factors of g.
23
Let o = -16 - -32. Suppose -h + 4*m = -3*h - 2, -4*h + o = -2*m. Suppose -2*y + 32 = -4*b, h*y + b - 7 = 6. List the prime factors of y.
2, 3
Let s = -5 + 2. Let v = s + 2. Let l = v - -9. What are the prime factors of l?
2
Let i be (1 - 8)*(-1 - -2). Let h = i - -2. List the prime factors of (h - -4)*(-5 + 0).
5
Let x = 61 + -37. List the prime factors of x.
2, 3
Let v(q) = -q**3 + q**2 + 5*q + 3. List the prime factors of v(-3).
2, 3
Suppose -2*h = 5 + 3. Let i(v) = v**2 - 2. What are the prime factors of i(h)?
2, 7
Suppose 19 = o - 15. List the prime factors of o.
2, 17
Let m(q) = -5*q - 20. List the prime factors of m(-11).
5, 7
Suppose 3*a - j = 18, 3*j - 4*j = -3. Let v(u) = 12 + 0*u + 4 - u. What are the prime factors of v(a)?
3
Let j(g) = -4*g - 2. Let f = 6 - 12. Let r be j(f). Let v = -12 + r. List the prime factors of v.
2, 5
Let h = -11 - -17. Let f = h - -1. What are the prime factors of f?
7
Suppose 0 = 4*q - 3*d + 13, 0 = 2*q - 3*q - 4*d - 8. Let g = -8 + 2. Let r = q - g. List the prime factors of r.
2
Let v = -9 - -11. Let x(l) = 12*l**2 - 3*l + 1. What are the prime factors of x(v)?
43
What are the prime factors of 3 - 1005/(-9) - 1/(-3)?
5, 23
Let m be (1/2)/(1/2). Let j be -3 + m - 3*-4. List the prime factors of ((-16)/j)/((-3)/15).
2
Let y be 0 + (-1 - 12/(-3)). Let z(q) = -q**3 + 4*q**2 - 4*q + 3. Let t be z(y). Suppose 3*f + 4*i - 28 = t, -4*f - 4*i = 19 - 51. List the prime factors of f.
2
Let v(w) = w**3 - 6*w**2 + 4*w + 3. Let m be v(6). Let z be 40/18 + (-6)/m. Suppose -8 = -z*u - 2*u. What are the prime factors of u?
2
Let a(j) = -j - 3. Let m be a(-5). Suppose 0*i = m*i + 6. List the prime factors of (3*2)/(i/(-2)).
2
Let a(i) = -3*i - 3. Let r be a(-2). Let q(n) = 3*n + 3. Let c be q(r). Suppose -u + c = -0. List the prime factors of u.
2, 3
Let v(d) = -d**2 + 3*d + 3. Let i be v(4). Let k be ((-2 - -2) + -1)/i. What are the prime factors of -4 + k + (-12)/(-1)?
3
Let v be 2/(6/3) + -1. Suppose v*k + 76 = 4*f + 2*k, -3*f + 62 = 4*k. What are the prime factors of f?
2, 3
What are the prime factors of 2*((-239)/(-2) + -2)?
5, 47
Let h(a) = -a. Let d be h(-5). Suppose 0 = -m - 3*x - 12, m + 2*x + 4 = -4. Suppose -d*n + s + 32 = m, -11 = -3*n + 5*s - 5. List the prime factors of n.
7
Let h(u) = u**3 + 9*u**2 + u + 45. List the prime factors of h(-9).
2, 3
Suppose -4*m = 2*m - 144. Let n = 48 - m. What are the prime factors of n?
2, 3
Let v(o) = o**3 - 20*o**2 + 22*o - 3. List the prime factors of v(19).
2, 3
Let l be (-26)/(-10) + (-12)/(-30). Let g be -3 - 58*l/(-6). List the prime factors of 2/5 - g/(-10).
3
Let n(l) = -l**3 - 4*l**2 - 2*l - 3. List the prime factors of n(-4).
5
Let j = 4 + 0. Let b = 12 - j. What are the prime factors of b?
2
Let l = -11 + 34. List the prime factors of l.
23
Suppose -5*b = -0*b - 40. Let h = 11 - b. Suppose -4*m + 51 = h*y, 0 = 3*m + 3*y - 0*y - 42. List the prime factors of m.
3
List the prime factors of (214/(-6))/(3/(-9)) + 3.
2, 5, 11
Suppose -3*k = -31 + 7. Let y = 5 - 1. List the prime factors of (7/2)/(y/k).
7
Let l = 879 - 521. What are the prime factors of l?
2, 179
Let i = 118 + 57. What are the prime factors of i?
5, 7
Suppose -t + 2*t - 7 = 0. Suppose 0*b - t = -b. What are the prime factors of b?
7
Let u(a) = -1 + 54*a - 2 + 5. Let q be u(2). What are the prime factors of q/15 + (-2)/(-3)?
2
Suppose 0 = -2*d - 23 + 9. Let z = d + 13. What are th